{"id":2754,"date":"2020-04-02T11:51:57","date_gmt":"2020-04-02T09:51:57","guid":{"rendered":"https:\/\/blog.birders-hf.de\/?page_id=2754"},"modified":"2020-04-18T15:47:09","modified_gmt":"2020-04-18T13:47:09","slug":"hinweise-zur-netiquette-inhaltliche-richtlinien","status":"publish","type":"page","link":"https:\/\/blog.birders-hf.de\/index.php\/hinweise-zur-netiquette-inhaltliche-richtlinien\/","title":{"rendered":"Netiquette"},"content":{"rendered":"\n<p>Hallo und herzlich Willkommen auf dem Birding-Portal \u201eSturmm\u00f6we\u201c. Wir freuen uns \u00fcber jede Einreichung einer Beobachtungsmeldung und genauso \u00fcber Feedback zu eingereichten Beitr\u00e4gen (Kommentare).<\/p>\n\n\n\n<p>Um diesen Blog nicht mit einem umfangreichen Regelwerk zu \u00fcberfrachten bitten wir Euch lediglich darum, folgende Regel beim Verfassen eines Beitrages oder Kommentars zu ber\u00fccksichtigen:<\/p>\n\n\n\n<ul class=\"wp-block-list\"><li>Denkt immer daran, dass auf der anderen Seite ein Mensch sitzt, der Eure Texte liest.<\/li><li>Wir dulden <strong>keine Beleidigungen und Entw\u00fcrdigungen<\/strong> in jeglicher Form. <\/li><li>Haltet Eure Beitr\u00e4ge und Kommentare sachlich, auch wenn Ihr inhaltlich anderer Meinung sein solltet.<\/li><li>Wir sind weder Instagram noch &#8222;Google Photos&#8220;. Bitte beschr\u00e4nkt die <strong>Anzahl der Bilder \/ Post auf 6 oder weniger<\/strong>, unser Hoster wird es uns danken. Wenn dann auf den Bildern auch noch V\u00f6gel zu sehen w\u00e4ren&#8230; umso besser \ud83d\ude42 <\/li><\/ul>\n","protected":false},"excerpt":{"rendered":"<p>Hallo und herzlich Willkommen auf dem Birding-Portal \u201eSturmm\u00f6we\u201c. Wir freuen uns \u00fcber jede Einreichung einer Beobachtungsmeldung und genauso \u00fcber Feedback zu eingereichten Beitr\u00e4gen (Kommentare). Um diesen Blog nicht mit einem &hellip; <a href=\"https:\/\/blog.birders-hf.de\/index.php\/hinweise-zur-netiquette-inhaltliche-richtlinien\/\" class=\"more-link\"><span class=\"screen-reader-text\">Netiquette<\/span> weiterlesen <span class=\"meta-nav\">&rarr;<\/span><\/a><\/p>\n","protected":false},"author":1,"featured_media":0,"parent":0,"menu_order":0,"comment_status":"closed","ping_status":"closed","template":"","meta":{"footnotes":""},"class_list":["post-2754","page","type-page","status-publish","hentry"],"_links":{"self":[{"href":"https:\/\/blog.birders-hf.de\/index.php\/wp-json\/wp\/v2\/pages\/2754","targetHints":{"allow":["GET"]}}],"collection":[{"href":"https:\/\/blog.birders-hf.de\/index.php\/wp-json\/wp\/v2\/pages"}],"about":[{"href":"https:\/\/blog.birders-hf.de\/index.php\/wp-json\/wp\/v2\/types\/page"}],"author":[{"embeddable":true,"href":"https:\/\/blog.birders-hf.de\/index.php\/wp-json\/wp\/v2\/users\/1"}],"replies":[{"embeddable":true,"href":"https:\/\/blog.birders-hf.de\/index.php\/wp-json\/wp\/v2\/comments?post=2754"}],"version-history":[{"count":4,"href":"https:\/\/blog.birders-hf.de\/index.php\/wp-json\/wp\/v2\/pages\/2754\/revisions"}],"predecessor-version":[{"id":3085,"href":"https:\/\/blog.birders-hf.de\/index.php\/wp-json\/wp\/v2\/pages\/2754\/revisions\/3085"}],"wp:attachment":[{"href":"https:\/\/blog.birders-hf.de\/index.php\/wp-json\/wp\/v2\/media?parent=2754"}],"curies":[{"name":"wp","href":"https:\/\/api.w.org\/{rel}","templated":true}]}}